{"id":16,"date":"2018-04-14T14:39:23","date_gmt":"2018-04-14T14:39:23","guid":{"rendered":"http:\/\/rbf.local\/?page_id=16"},"modified":"2018-04-14T14:39:23","modified_gmt":"2018-04-14T14:39:23","slug":"lassociation","status":"publish","type":"page","link":"http:\/\/grandfresnoy.fr\/rbf\/lassociation\/","title":{"rendered":"L&#8217;association"},"content":{"rendered":"\n<p>Comme son nom l&#8217;indique, cette association sportive \u00e0 pour but la pratique de la course route\/Trail et\/ou VTT \u00e0 plusieurs personnes afin de rompre de l&#8217;isolement.<br>\n\t\t\t\t\t\t\tQuel plaisir d&#8217;\u00e9changer, de partager ensemble ces moments sportifs tout en \u00e9tant en s\u00e9curit\u00e9 et \u00e0 plusieurs !<\/p>\n\n\n\n<hr class=\"wp-block-separator\"\/>\n\n\n\n<p>Si les courses qui vous sont propos\u00e9es vous int\u00e9ressent, contactez nous par mail svp et nous vous faciliterons les d\u00e9marches en vous inscrivant.<br>\n\t\t\t\t\t\t\tD&#8217;autres courses vous seront bien s\u00fbr propos\u00e9es plus tard. Restez connect\u00e9 \u00e0 nos pages<\/p>\n\n\n\n<figure class=\"wp-block-image\"><img decoding=\"async\" src=\"http:\/\/www.grandfresnoy.fr\/run&amp;bike\/images\/runbike.jpg\" alt=\"\"\/><\/figure>\n\n\n\n<p>D&#8217;autre part suite \u00e0 de nombreuses demandes le RBF a le plaisir de vous annoncer qu&#8217;il y aura plusieurs jours &#8220;fixes&#8221; course \u00e0 pied et\/ou VTT:<\/p>\n\n\n\n<ul><li>Mardi : Rendez-vous 19h00 devant la mairie ;<\/li><li>Jeudi : Rendez-vous 19h00 devant la mairie ;<\/li><li>Dimanche : Rendez-vous 10h00 devant la mairie ;<\/li><\/ul>\n\n\n\n<p><em>Ces horaires ont \u00e9t\u00e9 remis \u00e0 jour le 15\/04\/2018.<\/em><\/p>\n\n\n\n<p>N.B: 2 essais offerts ensuite ne seront valid\u00e9s sur l&#8217;agenda que les personnes inscrites au RBF.<br> Pensez \u00e0 vous inscrire sur le calendrier mis \u00e0 disposition sur le site dans la rubrique &#8220;Agenda&#8221;.<br> <em><strong>Rappel de s\u00e9curit\u00e9<\/strong><\/em><strong> : <\/strong>Gilet fluores\u00e7ant + lampe frontale individuels obligatoires pours les courses nocturne<\/p>\n","protected":false},"excerpt":{"rendered":"<p>Comme son nom l&#8217;indique, cette association sportive \u00e0 pour but la pratique de la course&#8230;<\/p>\n","protected":false},"author":1,"featured_media":8,"parent":0,"menu_order":0,"comment_status":"closed","ping_status":"closed","template":"","meta":{"footnotes":""},"_links":{"self":[{"href":"http:\/\/grandfresnoy.fr\/rbf\/wp-json\/wp\/v2\/pages\/16"}],"collection":[{"href":"http:\/\/grandfresnoy.fr\/rbf\/wp-json\/wp\/v2\/pages"}],"about":[{"href":"http:\/\/grandfresnoy.fr\/rbf\/wp-json\/wp\/v2\/types\/page"}],"author":[{"embeddable":true,"href":"http:\/\/grandfresnoy.fr\/rbf\/wp-json\/wp\/v2\/users\/1"}],"replies":[{"embeddable":true,"href":"http:\/\/grandfresnoy.fr\/rbf\/wp-json\/wp\/v2\/comments?post=16"}],"version-history":[{"count":1,"href":"http:\/\/grandfresnoy.fr\/rbf\/wp-json\/wp\/v2\/pages\/16\/revisions"}],"predecessor-version":[{"id":242,"href":"http:\/\/grandfresnoy.fr\/rbf\/wp-json\/wp\/v2\/pages\/16\/revisions\/242"}],"wp:featuredmedia":[{"embeddable":true,"href":"http:\/\/grandfresnoy.fr\/rbf\/wp-json\/wp\/v2\/media\/8"}],"wp:attachment":[{"href":"http:\/\/grandfresnoy.fr\/rbf\/wp-json\/wp\/v2\/media?parent=16"}],"curies":[{"name":"wp","href":"https:\/\/api.w.org\/{rel}","templated":true}]}}